st common divisor of 137781 and 378.
189
Calculate the greatest common divisor of 172016 and 208.
208
Calculate the highest common factor of 2821193 and 2815.
563
What is the greatest common divisor of 29946 and 66?
6
Calculate the greatest common divisor of 340 and 232730.
170
What is the highest common factor of 262 and 5371?
131
Calculate the highest common divisor of 640 and 71520.
160
Calculate the greatest common factor of 136 and 576.
8
What is the greatest common divisor of 8399 and 1739?
37
What is the highest common divisor of 847 and 6139?
7
Calculate the highest common factor of 200 and 3240.
40
What is the greatest common divisor of 94060 and 1220?
20
Calculate the highest common factor of 31520 and 760.
40
Calculate the highest common divisor of 250176 and 30.
6
Calculate the greatest common factor of 16694 and 867.
17
Calculate the highest common factor of 263081 and 182.
91
What is the highest common factor of 2783 and 4048?
253
What is the highest common factor of 453 and 227859?
453
What is the greatest common divisor of 2149785 and 495?
495
Calculate the highest common divisor of 178 and 962446.
178
What is the greatest common factor of 590 and 82305?
295
What is the highest common factor of 70 and 5257?
7
What is the highest common divisor of 92676 and 8?
4
Calculate the greatest common divisor of 1632 and 72.
24
Calculate the greatest common divisor of 194 and 14.
2
What is the highest common factor of 533567 and 122?
61
What is the greatest common factor of 2159 and 1666?
17
What is the greatest common divisor of 1627072 and 64?
64
What is the highest common divisor of 7182 and 278559?
513
Calculate the greatest common factor of 385 and 104090.
35
What is the greatest common divisor of 7943 and 11327?
47
What is the highest common divisor of 2128 and 7600?
304
What is the highest common divisor of 3557963 and 155?
31
What is the greatest common divisor of 16 and 260816?
16
Calculate the highest common factor of 2236 and 4644.
172
Calculate the highest common factor of 2682816 and 471.
471
Calculate the highest common factor of 24 and 13182.
6
What is the highest common factor of 33 and 1747581?
33
Calculate the greatest common divisor of 21 and 128632.
7
Calculate the highest common factor of 36 and 61572.
12
What is the highest common factor of 262 and 1782255?
131
Calculate the greatest common divisor of 160 and 37260.
20
Calculate the greatest common divisor of 65621 and 2177.
311
Calculate the greatest common factor of 142441 and 65.
13
Calculate the highest common divisor of 84838 and 12550.
502
Calculate the highest common factor of 199 and 41989.
199
What is the greatest common divisor of 2015 and 41132?
13
What is the greatest common divisor of 402 and 14539?
67
Calculate the highest common divisor of 222 and 1979907.
111
What is the greatest common divisor of 41460 and 60?
60
What is the greatest common divisor of 940 and 40561?
47
Calculate the highest common factor of 160 and 16410.
10
Calculate the highest common factor of 1752036 and 6864.
1716
Calculate the highest common factor of 12 and 147768.
12
What is the highest common factor of 13635 and 65650?
505
What is the greatest common divisor of 3026 and 187?
17
What is the greatest common factor of 33 and 288159?
3
What is the greatest common factor of 135 and 12096?
27
Calculate the highest common factor of 3607 and 1.
1
What is the greatest common divisor of 45 and 159245?
5
Calculate the greatest common factor of 93262 and 884.
442
What is the greatest common divisor of 65 and 3035552?
13
Calculate the highest common divisor of 264165 and 33.
33
Calculate the highest common divisor of 206429 and 217.
31
What is the greatest common divisor of 1614062 and 265?
53
Calculate the highest common factor of 30 and 1497170.
10
What is the highest common divisor of 8875 and 284125?
125
What is the highest common divisor of 10 and 874640?
10
Calculate the greatest common factor of 9913 and 1886.
23
Calculate the highest common factor of 15281 and 56.
7
Calculate the greatest common factor of 49685 and 4750.
95
Calculate the highest common factor of 648 and 344250.
162
What is the highest common divisor of 45 and 4311?
9
Calculate the highest common divisor of 16605 and 150552.
1107
What is the greatest common factor of 255 and 114954?
51
What is the greatest common divisor of 16 and 222296?
8
What is the greatest common divisor of 713 and 181784?
31
Calculate the greatest common factor of 51215 and 5.
5
Calculate the highest common factor of 222 and 647907.
111
What is the greatest common factor of 561 and 26917?
11
Calculate the greatest common divisor of 16 and 28438.
2
What is the highest common factor of 249 and 330423?
249
Calculate the highest common factor of 498 and 162.
6
What is the greatest common factor of 640 and 18752?
64
What is the highest common factor of 452724 and 93?
93
Calculate the greatest common divisor of 88350 and 60.
30
What is the greatest common factor of 806 and 104?
26
Calculate the greatest common divisor of 815323 and 201.
67
Calculate the greatest common divisor of 2485 and 1045.
5
What is the greatest common factor of 2135 and 560?
35
What is the greatest common factor of 18515 and 490?
35
What is the highest common factor of 955973 and 2669?
157
What is the greatest common factor of 1387 and 1314?
73
What is the highest common divisor of 2064 and 1434?
6
Calculate the greatest common factor of 8487 and 14283.
207
Calculate the greatest common divisor of 30 and 107340.
30
Calculate the greatest common divisor of 792315 and 54.
27
Calculate the highest common divisor of 446716 and 232.
116
What is the highest common factor of 9 and 5759973?
9
What is the greatest common divisor of 84 and 964?
4
Calculate the highest common factor of 24 and 189096.
24
Calculate the highest common divisor of 272064 and 327.
327
Calculate the highest common divisor of 79281 and 138.
69
What is the greatest common factor of 3611 and 943?
23
Calculate the highest common factor of 2805 and 35445.
255
What is the greatest common factor of 9 and 17163?
9
What is the greatest common factor of 21255 and 975?
195
What is the greatest common factor of 39463 and 20368?
1273
Calculate the highest common divisor of 80 and 1015120.
80
Calculate the highest common factor of 55544 and 22896.
424
Calculate the greatest common factor of 1554 and 9408.
42
What is the greatest common factor of 252 and 14224?
28
Calculate the greatest common factor of 45072 and 2016.
144
What is the greatest common factor of 129972 and 36?
12
Calculate the highest common factor of 3154 and 6954.
38
What is the greatest common divisor of 2093 and 188301?
23
Calculate the highest common factor of 2 and 21232.
2
Calculate the highest common factor of 51 and 15342.
3
What is the highest common factor of 219695 and 105?
35
What is the highest common divisor of 123604 and 12?
4
What is the greatest common factor of 2691 and 138?
69
Calculate the greatest common divisor of 1147 and 11766.
37
What is the highest common factor of 12705 and 26355?
105
Calculate the greatest common divisor of 5120 and 77440.
640
What is the greatest common factor of 18904 and 9316?
68
What is the highest common factor of 6443 and 2397?
17
Calculate the greatest common divisor of 160 and 5088.
32
Calculate the highest common divisor of 35 and 20762.
7
What is the greatest common factor of 1691 and 5168?
19
What is the greatest common divisor of 4088 and 216?
8
What is the highest common factor of 51700 and 880?
220
What is the greatest common factor of 4012 and 3332?
68
Calculate the highest common divisor of 4754 and 4.
2
Calculate the greatest common divisor of 6 and 625338.
6
Calculate the highest common factor of 104796 and 56.
4
What is the highest common factor of 114 and 10887?
57
Calculate the highest common factor of 30433 and 26.
13
Calculate the greatest common divisor of 364265 and 110.
55
Calculate the highest common divisor of 1130 and 1572395.
565
What is the greatest common factor of 256 and 309632?
128
What is the greatest common factor of 14750 and 101126?
118
Calculate the highest common divisor of 8415 and 448613.
187
Calculate the highest common factor of 9964 and 477.
53
Calculate the great